-1001111011111011
In base 15, what is 11565b0d - 3?
11565b0a
In base 16, what is -148f3 + -51?
-14944
In base 10, what is 161 + 40591?
40752
In base 3, what is 22002 + -210122101022?
-210122002020
In base 9, what is 0 + 11182163?
11182163
In base 8, what is 600315500 + -4?
600315474
In base 2, what is -1011101010 - -1111010000010?
1101110011000
In base 8, what is 13474 - -1031?
14525
In base 10, what is -924 + 108026?
107102
In base 13, what is 2a1b + 306?
3024
In base 13, what is 2014b - -cb9?
21137
In base 3, what is 222 - 11022210122?
-11022202200
In base 9, what is -8 + 6423058?
6423050
In base 8, what is -13037 - -547?
-12270
In base 10, what is 48957 + 6070?
55027
In base 8, what is -10656010 + 121?
-10655667
In base 4, what is 1200002 - -1111101?
2311103
In base 9, what is 171735 + -11?
171724
In base 2, what is -1110 - -111111011110000101111111010?
111111011110000101111101100
In base 16, what is 54ee + -279?
5275
In base 4, what is 3 + -103011312111?
-103011312102
In base 9, what is 112 - -631366?
631478
In base 4, what is -1000332320 - -1231?
-1000331023
In base 12, what is 13 - -bb386?
bb399
In base 13, what is -5 - -258c30?
258c28
In base 13, what is -3 + -347b15?
-347b18
In base 15, what is -588a49cb - -4?
-588a49c7
In base 15, what is -1a9ee8e + 1?
-1a9ee8d
In base 5, what is -4 - 2120311344?
-2120311403
In base 9, what is -20858301 - 4?
-20858305
In base 8, what is 22 + 441631?
441653
In base 5, what is -43111104000 + -1?
-43111104001
In base 16, what is 3456d + -40d?
34160
In base 14, what is 7973 + 2b5?
7c48
In base 8, what is 24 + -1107352?
-1107326
In base 4, what is 13003131300 + -1121?
13003130113
In base 3, what is 101101200 - -111220?
101220120
In base 2, what is 1100001011011100 - -10000110110?
1100011100010010
In base 12, what is -5 - -55b8378a?
55b83785
In base 14, what is -17 - -157209?
1571d2
In base 12, what is -121624 + -2516?
-123b3a
In base 13, what is -1 - 37954aa?
-37954ab
In base 13, what is -3727cc7 - -2?
-3727cc5
In base 9, what is 5 - -1830307?
1830313
In base 15, what is c7ed3 - 7?
c7ecb
In base 9, what is 8870265 - -2?
8870267
In base 2, what is 1010000011 + -10101011000010?
-10100000111111
In base 6, what is 423531 + -110?
423421
In base 14, what is -19714 - -6b2?
-19042
In base 6, what is -552131 + 524?
-551203
In base 2, what is -10111111011 - 10110010010?
-101110001101
In base 8, what is 11610 - 5160?
4430
In base 15, what is c1ccba + 0?
c1ccba
In base 6, what is -5 + -41205144?
-41205153
In base 5, what is 1 - 44404130?
-44404124
In base 16, what is -1 - 1a4f2a1?
-1a4f2a2
In base 8, what is -1052 + 3155701?
3154627
In base 15, what is 9b489 - -9?
9b493
In base 15, what is -7ec + 6282?
5985
In base 11, what is -5426014 - -23?
-5425aa1
In base 8, what is 3 - -121456752?
121456755
In base 8, what is -42136 + -3752?
-46110
In base 2, what is -1011 - 101010100110111001100?
-101010100110111010111
In base 10, what is -6 - 39027657?
-39027663
In base 9, what is -1 - 213218301?
-213218302
In base 15, what is -95 - 28e85?
-2902a
In base 15, what is -4 - 3dd5a0?
-3dd5a4
In base 15, what is b - 15a2850?
-15a2844
In base 12, what is 806b6 + -377?
8033b
In base 10, what is 45 + 68441?
68486
In base 13, what is 4309 - -626?
4932
In base 16, what is -f2cfdc - -e?
-f2cfce
In base 16, what is -2595db - -17?
-2595c4
In base 4, what is 2101010 + 101102313?
103203323
In base 12, what is 106 + -b67?
-a61
In base 8, what is -17750646 + -1?
-17750647
In base 10, what is 85207 + 1334?
86541
In base 13, what is 4 + -26364c9?
-26364c5
In base 12, what is -3422 - 20044?
-23466
In base 8, what is -107302 + -237?
-107541
In base 12, what is 15100 + 54?
15154
In base 10, what is 19923 - -412?
20335
In base 13, what is -1bc - -2a50?
2861
In base 11, what is -2286 + -179780?
-180a56
In base 5, what is 1 - 4142304212?
-4142304211
In base 2, what is 11001011100101110 - -111001000?
11001100011110110
In base 16, what is 5 + -26347d?
-263478
In base 13, what is -18 + 51426?
5140b
In base 16, what is -88e53ad - -1?
-88e53ac
In base 8, what is -1 - 210116227?
-210116230
In base 11, what is 3 + -28679899?
-28679896
In base 8, what is -10516452 + -1?
-10516453
In base 13, what is 5 - -3b23358?
3b23360
In base 9, what is -3 - 20278660?
-20278663
In base 4, what is -20 - -330312112?
330312032
In base 10, what is 1384 - 73376?
-71992
In base 2, what is 11010110110100011101100111100 - 10?
11010110110100011101100111010
In base 15, what is -2 + 663c47?
663c45
In base 9, what is -172082 + -404?
-172486
In base 12, what is -16a0 + -b6a?
-264a
In base 9, what is 26423307 + 1?
26423308
In base 4, what is -10 - 310203102112?
-310203102122
In base 2, what is -1010101100111100111101 - -1?
-1010101100111100111100
In base 6, what is -451311520 + -21?
-451311541
In base 12, what is 791 + -17986?
-171b5
In base 9, what is 2214300 + 5?
2214305
In base 4, what is -31221323 + -2011?
-31230000
In base 7, what is -11544465 - -23?
-11544442
In base 12, what is -15982 + 2729?
-13255
In base 2, what is -1010010011010100000010011 + 100?
-1010010011010100000001111
In base 9, what is -50662602 + -4?
-50662606
In base 14, what is 37c53b9 + -a?
37c53ad
In base 5, what is 11340 + 142431?
204321
In base 4, what is -10 - -223101002?
223100332
In base 12, what is 101 - 15654a?
-156449
In base 7, what is -145455 - 1410?
-150165
In base 8, what is -5 + -1766540074?
-1766540101
In base 4, what is 211221222 - -20?
211221302
In base 7, what is 5 + 212252163?
212252201
In base 13, what is 38b45a + -11a?
38b340
In base 4, what is 103 - 1210313223?
-1210313120
In base 4, what is 2 + 11232021121?
11232021123
In base 8, what is -1775 - 133520?
-135515
In base 11, what is 47 - -472a?
4776
In base 14, what is 39a22dd + 1?
39a2300
In base 13, what is -7b31 - 25c?
-8090
In base 12, what is -7 - -3a0387?
3a0380
In base 16, what is -bed1c1 + 0?
-bed1c1
In base 5, what is -23 + 34431432014?
34431431441
In base 15, what is -91 - -6ddb3?
6dd22
In base 11, what is -13 + 3321721?
3321709
In base 13, what is 3 - -1495127?
149512a
In base 7, what is -300661314 - -2?
-300661312
In base 2, what is 10111111001 - 1001101011011?
-110101100010
In base 14, what is 41d - 4a39?
-461a
In base 15, what is 3bc373 + -2?
3bc371
In base 13, what is -a48184 + 9?
-a48178
In base 9, what is 854324 + 5?
854330
In base 7, what is -26002615015 + -5?
-26002615023
In base 7, what is -41 + -6660231?
-6660302
In base 9, what is 744 - 361650?
-360805
In base 13, what is -743a83 - -177?
-743909
In base 16, what is -203 - cb3e1?
-cb5e4
In base 8, what is 447 - -44155?
44624
In base 8, what is -60 + -727570?
-727650
In base 12, what is 4469b09 - -2?
4469b0b
In base 15, what is 1c + -19cd30?
-19cd13
In base 14, what is 1b32 - -6cd7?
8a29
In base 8, what is -3245342 + -3?
-3245345
In base 9, what is 304388 + 317?
304716
In base 8, what is -271076 - -2302?
-266574
In base 2, what is -1001110011111101111010100 + -11?
-1001110011111101111010111
In base 9, what is -250585 + 375?
-250210
In base 11, what is -6a0 - 17444?
-18034
In base 16, what is 9 - 1dd8021?
-1dd8018
In base 6, what is 354 - -504134?
504532
In base 6, what is 13 + -500014050?
-500014033
In base 7, what is 1 - 2254246?
-2254245
In base 14, what is -3 - 24b572?
-24b575
In base 2, what is 1100001100111101101 + 10011?
1100001101000000000
In base 10, what is -530130 - -814?
-529316
In base 15, what is 43aa - 1208b?
-cbd1
In base 13, what is 55a4606 + 2?
55a4608
In base 6, what is -21032 - -2210315?
2145243
In base 10, what is -131 + 70662?
70531
In base 8, what is -260146371 - 3?
-260146374
In base 11, what is 0 - 14933a0?
-14933a0
In base 6, what is -141230335 - -15?
-141230320
In base 14, what is -b - -23d0c1?
23d0b4
In base 9, what is 30 + 831776?
831816
In base 10, what is -5 + 2001958?
2001953
In base 9, what is 1 + 16633131?
16633132
In base 10, what is 523 - 22643?
-22120
In base 14, what is -4 + 682018?
682014
In base 7, what is -23444320 - 5?
-23444325
In base 10, what is -39074164 - -11?
-39074153
In base 15, what is 99b + 17d60?
1880b
In base 13, what is 2 + 11918835?
11918837
In base 6, what is -23 + -53302204?
-53302231
In base 2, what is -11101010011011111010111 - 10?
-11101010011011111011001
In base 6, what is 5403302 - -30405?
5434111
In base 4, wh